{"id":69,"date":"2023-07-19T20:11:15","date_gmt":"2023-07-19T18:11:15","guid":{"rendered":"https:\/\/agorae-paris-saclay.fr\/?page_id=69"},"modified":"2024-04-19T20:33:36","modified_gmt":"2024-04-19T18:33:36","slug":"contact","status":"publish","type":"page","link":"https:\/\/agorae-paris-saclay.fr\/index.php\/contact\/","title":{"rendered":"Contact"},"content":{"rendered":"\n<div class=\"wp-block-group is-vertical is-content-justification-center is-layout-flex wp-container-8\" style=\"margin-top:30px;margin-bottom:30px;padding-top:0;padding-right:0;padding-bottom:0;padding-left:0\">\n<div class=\"wp-block-group has-global-padding is-layout-constrained\">\n<h2 class=\"wp-block-heading has-text-align-center has-large-font-size\" style=\"text-transform:uppercase\">Nous \u00e9crire<\/h2>\n\n\n\n<p>Envoyez-nous un mail \u00e0 l&rsquo;adresse <a href=\"mailto:contact@agorae-paris-saclay.fr\">contact@agorae-paris-saclay.fr<\/a><\/p>\n\n\n\n<p>C&rsquo;est le moyen de communication privil\u00e9gi\u00e9 par le bureau de l&rsquo;association<\/p>\n<\/div>\n\n\n\n<div class=\"wp-block-group has-global-padding is-layout-constrained\" style=\"min-height:100%\">\n<h2 class=\"wp-block-heading has-text-align-center has-large-font-size\" style=\"text-transform:uppercase\">Horaires d&rsquo;ouverture<\/h2>\n\n\n\n<div class=\"wp-block-group alignwide has-text-color is-vertical is-content-justification-center is-layout-flex wp-container-3\" style=\"color:#15a995;min-height:90%;padding-top:0;padding-right:0;padding-bottom:0;padding-left:0\">\n<div class=\"wp-block-buttons is-layout-flex wp-container-2\" style=\"margin-top:0.5em;margin-bottom:0.5em\">\n<div class=\"wp-block-button\"><a class=\"wp-block-button__link has-base-color has-text-color has-background wp-element-button\" href=\"https:\/\/www.instagram.com\/stories\/highlights\/18119687302152278\/\" style=\"background-color:#15a995\" target=\"_blank\" rel=\"noreferrer noopener\">Cliquez pour voir !<\/a><\/div>\n<\/div>\n\n\n\n<p class=\"has-text-align-center\">Les horaires d&rsquo;ouverture de l&rsquo;\u00e9picerie varient d&rsquo;une semaine \u00e0 l&rsquo;autre<\/p>\n\n\n\n<p class=\"has-text-align-center\">en fonction des disponibilit\u00e9 de nos b\u00e9n\u00e9voles.<\/p>\n\n\n\n<p class=\"has-text-align-center\">Vous pouvez retrouver les horaires de la semaine sur Instagram !<\/p>\n<\/div>\n<\/div>\n\n\n\n<div class=\"wp-block-group has-global-padding is-layout-constrained\">\n<h2 class=\"wp-block-heading has-text-align-center has-large-font-size\" style=\"margin-bottom:0.7rem;text-transform:uppercase\">O\u00f9 nous trouver ?<\/h2>\n\n\n\n<ul class=\"wp-block-social-links is-layout-flex wp-container-5\" style=\"margin-bottom:0.5rem\"><li class=\"wp-social-link wp-social-link-instagram wp-block-social-link\"><a href=\"https:\/\/www.instagram.com\/agorae.paris.saclay\/\" class=\"wp-block-social-link-anchor\"><svg width=\"24\" height=\"24\" viewBox=\"0 0 24 24\" version=\"1.1\" xmlns=\"http:\/\/www.w3.org\/2000\/svg\" aria-hidden=\"true\" focusable=\"false\"><path d=\"M12,4.622c2.403,0,2.688,0.009,3.637,0.052c0.877,0.04,1.354,0.187,1.671,0.31c0.42,0.163,0.72,0.358,1.035,0.673 c0.315,0.315,0.51,0.615,0.673,1.035c0.123,0.317,0.27,0.794,0.31,1.671c0.043,0.949,0.052,1.234,0.052,3.637 s-0.009,2.688-0.052,3.637c-0.04,0.877-0.187,1.354-0.31,1.671c-0.163,0.42-0.358,0.72-0.673,1.035 c-0.315,0.315-0.615,0.51-1.035,0.673c-0.317,0.123-0.794,0.27-1.671,0.31c-0.949,0.043-1.233,0.052-3.637,0.052 s-2.688-0.009-3.637-0.052c-0.877-0.04-1.354-0.187-1.671-0.31c-0.42-0.163-0.72-0.358-1.035-0.673 c-0.315-0.315-0.51-0.615-0.673-1.035c-0.123-0.317-0.27-0.794-0.31-1.671C4.631,14.688,4.622,14.403,4.622,12 s0.009-2.688,0.052-3.637c0.04-0.877,0.187-1.354,0.31-1.671c0.163-0.42,0.358-0.72,0.673-1.035 c0.315-0.315,0.615-0.51,1.035-0.673c0.317-0.123,0.794-0.27,1.671-0.31C9.312,4.631,9.597,4.622,12,4.622 M12,3 C9.556,3,9.249,3.01,8.289,3.054C7.331,3.098,6.677,3.25,6.105,3.472C5.513,3.702,5.011,4.01,4.511,4.511 c-0.5,0.5-0.808,1.002-1.038,1.594C3.25,6.677,3.098,7.331,3.054,8.289C3.01,9.249,3,9.556,3,12c0,2.444,0.01,2.751,0.054,3.711 c0.044,0.958,0.196,1.612,0.418,2.185c0.23,0.592,0.538,1.094,1.038,1.594c0.5,0.5,1.002,0.808,1.594,1.038 c0.572,0.222,1.227,0.375,2.185,0.418C9.249,20.99,9.556,21,12,21s2.751-0.01,3.711-0.054c0.958-0.044,1.612-0.196,2.185-0.418 c0.592-0.23,1.094-0.538,1.594-1.038c0.5-0.5,0.808-1.002,1.038-1.594c0.222-0.572,0.375-1.227,0.418-2.185 C20.99,14.751,21,14.444,21,12s-0.01-2.751-0.054-3.711c-0.044-0.958-0.196-1.612-0.418-2.185c-0.23-0.592-0.538-1.094-1.038-1.594 c-0.5-0.5-1.002-0.808-1.594-1.038c-0.572-0.222-1.227-0.375-2.185-0.418C14.751,3.01,14.444,3,12,3L12,3z M12,7.378 c-2.552,0-4.622,2.069-4.622,4.622S9.448,16.622,12,16.622s4.622-2.069,4.622-4.622S14.552,7.378,12,7.378z M12,15 c-1.657,0-3-1.343-3-3s1.343-3,3-3s3,1.343,3,3S13.657,15,12,15z M16.804,6.116c-0.596,0-1.08,0.484-1.08,1.08 s0.484,1.08,1.08,1.08c0.596,0,1.08-0.484,1.08-1.08S17.401,6.116,16.804,6.116z\"><\/path><\/svg><span class=\"wp-block-social-link-label screen-reader-text\">lien instagram<\/span><\/a><\/li>\n\n<li class=\"wp-social-link wp-social-link-facebook wp-block-social-link\"><a href=\"https:\/\/fr-fr.facebook.com\/agoraeparissaclay\/\" class=\"wp-block-social-link-anchor\"><svg width=\"24\" height=\"24\" viewBox=\"0 0 24 24\" version=\"1.1\" xmlns=\"http:\/\/www.w3.org\/2000\/svg\" aria-hidden=\"true\" focusable=\"false\"><path d=\"M12 2C6.5 2 2 6.5 2 12c0 5 3.7 9.1 8.4 9.9v-7H7.9V12h2.5V9.8c0-2.5 1.5-3.9 3.8-3.9 1.1 0 2.2.2 2.2.2v2.5h-1.3c-1.2 0-1.6.8-1.6 1.6V12h2.8l-.4 2.9h-2.3v7C18.3 21.1 22 17 22 12c0-5.5-4.5-10-10-10z\"><\/path><\/svg><span class=\"wp-block-social-link-label screen-reader-text\">lien facebook<\/span><\/a><\/li>\n\n<li class=\"wp-social-link wp-social-link-mail wp-block-social-link\"><a href=\"mailto:contact@agorae-paris-saclay.fr\" class=\"wp-block-social-link-anchor\"><svg width=\"24\" height=\"24\" viewBox=\"0 0 24 24\" version=\"1.1\" xmlns=\"http:\/\/www.w3.org\/2000\/svg\" aria-hidden=\"true\" focusable=\"false\"><path d=\"M20,4H4C2.895,4,2,4.895,2,6v12c0,1.105,0.895,2,2,2h16c1.105,0,2-0.895,2-2V6C22,4.895,21.105,4,20,4z M20,8.236l-8,4.882 L4,8.236V6h16V8.236z\"><\/path><\/svg><span class=\"wp-block-social-link-label screen-reader-text\">adresse mail<\/span><\/a><\/li><\/ul>\n\n\n\n<div class=\"wp-block-group has-global-padding is-layout-constrained\" style=\"margin-top:0;margin-bottom:0.5rem\">\n<p class=\"has-small-font-size\" style=\"margin-top:0;margin-right:0;margin-bottom:0;margin-left:0;padding-top:0;padding-right:0;padding-bottom:0;padding-left:0\">B\u00e2timent 237<\/p>\n\n\n\n<p class=\"has-small-font-size\">Domaine de l&rsquo;Universit\u00e9 Paris-Saclay<\/p>\n\n\n\n<p class=\"has-small-font-size\">91440 Bures-sur-Yvette<\/p>\n\n\n\n<p class=\"has-text-color has-link-color wp-elements-2d06c858268aa2cfd6cd222a786a3338\" style=\"color:#15a995\"><a href=\"https:\/\/maps.app.goo.gl\/ExmfKVnDhdPbhHax6\" target=\"_blank\" rel=\"noreferrer noopener\">S&rsquo;y rendre \u27f6<\/a><\/p>\n<\/div>\n\n\n\n<p><iframe loading=\"lazy\" width=\"350\" height=\"300\" frameborder=\"0\" scrolling=\"no\" marginheight=\"0\" marginwidth=\"0\" src=\"https:\/\/www.openstreetmap.org\/export\/embed.html?bbox=2.167533338069916%2C48.6993292284958%2C2.1710738539695744%2C48.70092246069363&amp;layer=mapnik&amp;marker=48.70012585089841%2C2.169303596019745\" style=\"border: 1px solid black\"><\/iframe><br \/><small><a href=\"https:\/\/www.openstreetmap.org\/?mlat=48.70013&amp;mlon=2.16930#map=19\/48.70013\/2.16930&amp;layers=N\">Afficher une carte plus grande<\/a><\/small><\/p>\n<\/div>\n<\/div>\n","protected":false},"excerpt":{"rendered":"<p>Nous \u00e9crire Envoyez-nous un mail \u00e0 l&rsquo;adresse contact@agorae-paris-saclay.fr C&rsquo;est le moyen de communication privil\u00e9gi\u00e9 par le bureau de l&rsquo;association Horaires d&rsquo;ouverture Les horaires d&rsquo;ouverture de l&rsquo;\u00e9picerie varient d&rsquo;une semaine \u00e0 l&rsquo;autre en fonction des disponibilit\u00e9 de nos b\u00e9n\u00e9voles. Vous pouvez retrouver les horaires de la semaine sur Instagram ! O\u00f9 nous trouver ? B\u00e2timent 237 [&hellip;]<\/p>\n","protected":false},"author":1,"featured_media":0,"parent":0,"menu_order":0,"comment_status":"closed","ping_status":"closed","template":"wp-custom-template-formulaire-de-contact","meta":[],"_links":{"self":[{"href":"https:\/\/agorae-paris-saclay.fr\/index.php\/wp-json\/wp\/v2\/pages\/69"}],"collection":[{"href":"https:\/\/agorae-paris-saclay.fr\/index.php\/wp-json\/wp\/v2\/pages"}],"about":[{"href":"https:\/\/agorae-paris-saclay.fr\/index.php\/wp-json\/wp\/v2\/types\/page"}],"author":[{"embeddable":true,"href":"https:\/\/agorae-paris-saclay.fr\/index.php\/wp-json\/wp\/v2\/users\/1"}],"replies":[{"embeddable":true,"href":"https:\/\/agorae-paris-saclay.fr\/index.php\/wp-json\/wp\/v2\/comments?post=69"}],"version-history":[{"count":8,"href":"https:\/\/agorae-paris-saclay.fr\/index.php\/wp-json\/wp\/v2\/pages\/69\/revisions"}],"predecessor-version":[{"id":561,"href":"https:\/\/agorae-paris-saclay.fr\/index.php\/wp-json\/wp\/v2\/pages\/69\/revisions\/561"}],"wp:attachment":[{"href":"https:\/\/agorae-paris-saclay.fr\/index.php\/wp-json\/wp\/v2\/media?parent=69"}],"curies":[{"name":"wp","href":"https:\/\/api.w.org\/{rel}","templated":true}]}}