{"id":31,"date":"2023-07-19T15:24:33","date_gmt":"2023-07-19T13:24:33","guid":{"rendered":"https:\/\/agorae-paris-saclay.fr\/?page_id=31"},"modified":"2026-03-15T17:58:54","modified_gmt":"2026-03-15T16:58:54","slug":"le-bureau","status":"publish","type":"page","link":"https:\/\/agorae-paris-saclay.fr\/index.php\/le-bureau\/","title":{"rendered":"Le bureau"},"content":{"rendered":"\n<p>Voici le bureau de l&rsquo;AGORA\u00e9 Paris-Saclay pour l&rsquo;ann\u00e9e 2025-2026 : <\/p>\n\n\n\n<div style=\"height:40px\" aria-hidden=\"true\" class=\"wp-block-spacer\"><\/div>\n\n\n\n<div class=\"wp-block-media-text alignwide is-stacked-on-mobile\" style=\"grid-template-columns:20% auto\"><figure class=\"wp-block-media-text__media\"><img decoding=\"async\" loading=\"lazy\" width=\"1024\" height=\"1024\" src=\"https:\/\/agorae-paris-saclay.fr\/wp-content\/uploads\/2025\/08\/Design-sans-titre-2-1024x1024.png\" alt=\"\" class=\"wp-image-631 size-full\" srcset=\"https:\/\/agorae-paris-saclay.fr\/wp-content\/uploads\/2025\/08\/Design-sans-titre-2-1024x1024.png 1024w, https:\/\/agorae-paris-saclay.fr\/wp-content\/uploads\/2025\/08\/Design-sans-titre-2-300x300.png 300w, https:\/\/agorae-paris-saclay.fr\/wp-content\/uploads\/2025\/08\/Design-sans-titre-2-150x150.png 150w, https:\/\/agorae-paris-saclay.fr\/wp-content\/uploads\/2025\/08\/Design-sans-titre-2-768x768.png 768w, https:\/\/agorae-paris-saclay.fr\/wp-content\/uploads\/2025\/08\/Design-sans-titre-2.png 1080w\" sizes=\"(max-width: 1024px) 100vw, 1024px\" \/><\/figure><div class=\"wp-block-media-text__content\">\n<h5 class=\"wp-block-heading has-text-color\" style=\"color:#00b58a\"><mark style=\"background-color:rgba(0, 0, 0, 0)\" class=\"has-inline-color has-contrast-color\">Camille Tardieu &#8211;<\/mark> Pr\u00e9sidente<\/h5>\n\n\n\n<p class=\"justify\">\u00c9tudiante en 2\u00e8me ann\u00e9e de licence \u00e9conomie-gestion<\/p>\n<\/div><\/div>\n\n\n\n<div class=\"wp-block-media-text alignwide has-media-on-the-right is-stacked-on-mobile\" style=\"grid-template-columns:auto 28%\"><div class=\"wp-block-media-text__content\">\n<h5 class=\"wp-block-heading has-text-color\" style=\"color:#00b58a\"><mark style=\"background-color:rgba(0, 0, 0, 0)\" class=\"has-inline-color has-contrast-color\">Evan hamel &#8211; <\/mark>Vice-pr\u00e9sident<\/h5>\n\n\n\n<p class=\"justify\">\u00c9tudiant en 2\u00e8me ann\u00e9e de licence \u00e9conomie-gestion<\/p>\n<\/div><figure class=\"wp-block-media-text__media\"><img decoding=\"async\" loading=\"lazy\" width=\"1024\" height=\"1024\" src=\"https:\/\/agorae-paris-saclay.fr\/wp-content\/uploads\/2025\/08\/Design-sans-titre-3-1024x1024.png\" alt=\"\" class=\"wp-image-633 size-full\" srcset=\"https:\/\/agorae-paris-saclay.fr\/wp-content\/uploads\/2025\/08\/Design-sans-titre-3-1024x1024.png 1024w, https:\/\/agorae-paris-saclay.fr\/wp-content\/uploads\/2025\/08\/Design-sans-titre-3-300x300.png 300w, https:\/\/agorae-paris-saclay.fr\/wp-content\/uploads\/2025\/08\/Design-sans-titre-3-150x150.png 150w, https:\/\/agorae-paris-saclay.fr\/wp-content\/uploads\/2025\/08\/Design-sans-titre-3-768x768.png 768w, https:\/\/agorae-paris-saclay.fr\/wp-content\/uploads\/2025\/08\/Design-sans-titre-3.png 1080w\" sizes=\"(max-width: 1024px) 100vw, 1024px\" \/><\/figure><\/div>\n\n\n\n<div class=\"wp-block-media-text alignwide is-stacked-on-mobile\" style=\"grid-template-columns:19% auto\"><figure class=\"wp-block-media-text__media\"><img decoding=\"async\" loading=\"lazy\" width=\"1024\" height=\"1024\" src=\"https:\/\/agorae-paris-saclay.fr\/wp-content\/uploads\/2025\/08\/Design-sans-titre-3-1024x1024.png\" alt=\"\" class=\"wp-image-633 size-full\" srcset=\"https:\/\/agorae-paris-saclay.fr\/wp-content\/uploads\/2025\/08\/Design-sans-titre-3-1024x1024.png 1024w, https:\/\/agorae-paris-saclay.fr\/wp-content\/uploads\/2025\/08\/Design-sans-titre-3-300x300.png 300w, https:\/\/agorae-paris-saclay.fr\/wp-content\/uploads\/2025\/08\/Design-sans-titre-3-150x150.png 150w, https:\/\/agorae-paris-saclay.fr\/wp-content\/uploads\/2025\/08\/Design-sans-titre-3-768x768.png 768w, https:\/\/agorae-paris-saclay.fr\/wp-content\/uploads\/2025\/08\/Design-sans-titre-3.png 1080w\" sizes=\"(max-width: 1024px) 100vw, 1024px\" \/><\/figure><div class=\"wp-block-media-text__content\">\n<h5 class=\"wp-block-heading has-text-color\" style=\"color:#00b58a\"><mark style=\"background-color:rgba(0, 0, 0, 0)\" class=\"has-inline-color has-contrast-color\">C\u00e9dric milewski &#8211; <\/mark>SECR\u00e9TAIRE<\/h5>\n\n\n\n<p class=\"justify\">\u00c9tudiant en 2\u00e8me ann\u00e9e de licence \u00e9conomie-gestion<\/p>\n<\/div><\/div>\n\n\n\n<div class=\"wp-block-media-text alignwide has-media-on-the-right is-stacked-on-mobile\" style=\"grid-template-columns:auto 20%\"><div class=\"wp-block-media-text__content\">\n<h5 class=\"wp-block-heading has-text-color\" style=\"color:#00b58a\"><mark style=\"background-color:rgba(0, 0, 0, 0)\" class=\"has-inline-color has-contrast-color\">Louise Moal  &#8211; <\/mark>Charg\u00e9e de communication<\/h5>\n\n\n\n<p class=\"justify\">\u00c9tudiante en Master 1 Biologie-Sant\u00e9<\/p>\n\n\n\n<p class=\"justify\"><\/p>\n<\/div><figure class=\"wp-block-media-text__media\"><img decoding=\"async\" loading=\"lazy\" width=\"826\" height=\"958\" src=\"https:\/\/agorae-paris-saclay.fr\/wp-content\/uploads\/2026\/03\/921CD3FA-771F-4F1D-9ACD-E8D54C0E0216.jpeg\" alt=\"\" class=\"wp-image-650 size-full\" srcset=\"https:\/\/agorae-paris-saclay.fr\/wp-content\/uploads\/2026\/03\/921CD3FA-771F-4F1D-9ACD-E8D54C0E0216.jpeg 826w, https:\/\/agorae-paris-saclay.fr\/wp-content\/uploads\/2026\/03\/921CD3FA-771F-4F1D-9ACD-E8D54C0E0216-259x300.jpeg 259w, https:\/\/agorae-paris-saclay.fr\/wp-content\/uploads\/2026\/03\/921CD3FA-771F-4F1D-9ACD-E8D54C0E0216-768x891.jpeg 768w\" sizes=\"(max-width: 826px) 100vw, 826px\" \/><\/figure><\/div>\n\n\n\n<div class=\"wp-block-media-text alignwide is-stacked-on-mobile\" style=\"grid-template-columns:29% auto\"><figure class=\"wp-block-media-text__media\"><img decoding=\"async\" loading=\"lazy\" width=\"1024\" height=\"1024\" src=\"https:\/\/agorae-paris-saclay.fr\/wp-content\/uploads\/2025\/08\/Design-sans-titre-1024x1024.png\" alt=\"\" class=\"wp-image-625 size-full\" srcset=\"https:\/\/agorae-paris-saclay.fr\/wp-content\/uploads\/2025\/08\/Design-sans-titre-1024x1024.png 1024w, https:\/\/agorae-paris-saclay.fr\/wp-content\/uploads\/2025\/08\/Design-sans-titre-300x300.png 300w, https:\/\/agorae-paris-saclay.fr\/wp-content\/uploads\/2025\/08\/Design-sans-titre-150x150.png 150w, https:\/\/agorae-paris-saclay.fr\/wp-content\/uploads\/2025\/08\/Design-sans-titre-768x768.png 768w, https:\/\/agorae-paris-saclay.fr\/wp-content\/uploads\/2025\/08\/Design-sans-titre.png 1080w\" sizes=\"(max-width: 1024px) 100vw, 1024px\" \/><\/figure><div class=\"wp-block-media-text__content\">\n<h5 class=\"wp-block-heading has-text-color\" style=\"color:#00b58a\"><mark style=\"background-color:rgba(0, 0, 0, 0)\" class=\"has-inline-color has-contrast-color\">H\u00e9l\u00e8ne legrand &#8211; <\/mark>Tr\u00e9sori\u00e8re<\/h5>\n\n\n\n<p class=\"justify\">\u00c9tudiante en 2\u00e8me ann\u00e9e de licence \u00e9conomie-gestion<\/p>\n<\/div><\/div>\n","protected":false},"excerpt":{"rendered":"<p>Voici le bureau de l&rsquo;AGORA\u00e9 Paris-Saclay pour l&rsquo;ann\u00e9e 2025-2026 : Camille Tardieu &#8211; Pr\u00e9sidente \u00c9tudiante en 2\u00e8me ann\u00e9e de licence \u00e9conomie-gestion Evan hamel &#8211; Vice-pr\u00e9sident \u00c9tudiant en 2\u00e8me ann\u00e9e de licence \u00e9conomie-gestion C\u00e9dric milewski &#8211; SECR\u00e9TAIRE \u00c9tudiant en 2\u00e8me ann\u00e9e de licence \u00e9conomie-gestion Louise Moal &#8211; Charg\u00e9e de communication \u00c9tudiante en Master 1 Biologie-Sant\u00e9 H\u00e9l\u00e8ne [&hellip;]<\/p>\n","protected":false},"author":1,"featured_media":0,"parent":0,"menu_order":0,"comment_status":"closed","ping_status":"closed","template":"","meta":[],"_links":{"self":[{"href":"https:\/\/agorae-paris-saclay.fr\/index.php\/wp-json\/wp\/v2\/pages\/31"}],"collection":[{"href":"https:\/\/agorae-paris-saclay.fr\/index.php\/wp-json\/wp\/v2\/pages"}],"about":[{"href":"https:\/\/agorae-paris-saclay.fr\/index.php\/wp-json\/wp\/v2\/types\/page"}],"author":[{"embeddable":true,"href":"https:\/\/agorae-paris-saclay.fr\/index.php\/wp-json\/wp\/v2\/users\/1"}],"replies":[{"embeddable":true,"href":"https:\/\/agorae-paris-saclay.fr\/index.php\/wp-json\/wp\/v2\/comments?post=31"}],"version-history":[{"count":15,"href":"https:\/\/agorae-paris-saclay.fr\/index.php\/wp-json\/wp\/v2\/pages\/31\/revisions"}],"predecessor-version":[{"id":653,"href":"https:\/\/agorae-paris-saclay.fr\/index.php\/wp-json\/wp\/v2\/pages\/31\/revisions\/653"}],"wp:attachment":[{"href":"https:\/\/agorae-paris-saclay.fr\/index.php\/wp-json\/wp\/v2\/media?parent=31"}],"curies":[{"name":"wp","href":"https:\/\/api.w.org\/{rel}","templated":true}]}}