{"id":28,"date":"2023-07-19T15:24:12","date_gmt":"2023-07-19T13:24:12","guid":{"rendered":"https:\/\/agorae-paris-saclay.fr\/?page_id=28"},"modified":"2023-08-28T15:35:11","modified_gmt":"2023-08-28T13:35:11","slug":"quest-ce-que-lagorae","status":"publish","type":"page","link":"https:\/\/agorae-paris-saclay.fr\/index.php\/quest-ce-que-lagorae\/","title":{"rendered":"Qu&rsquo;est-ce que l&rsquo;AGORA\u00e9 ?"},"content":{"rendered":"\n<div class=\"wp-block-media-text is-stacked-on-mobile is-vertically-aligned-center justify\" style=\"margin-top:0;margin-right:0;margin-bottom:0;margin-left:0;padding-top:0;padding-right:0;padding-bottom:0;padding-left:0;grid-template-columns:46% auto\"><figure class=\"wp-block-media-text__media\"><img decoding=\"async\" loading=\"lazy\" width=\"3069\" height=\"2070\" src=\"https:\/\/agorae-paris-saclay.fr\/wp-content\/uploads\/2023\/07\/agorae.png\" alt=\"\" class=\"wp-image-8 size-full\"\/><\/figure><div class=\"wp-block-media-text__content\">\n<p class=\"has-medium-font-size\" style=\"margin-top:0;margin-right:0;margin-bottom:0;margin-left:0;padding-top:0;padding-right:0;padding-bottom:0;padding-left:0\">Les AGORA\u00e9 sont des espaces d&rsquo;\u00e9changes et de solidarit\u00e9 compos\u00e9s d&rsquo;un lieu de vie ouvert \u00e0 tou.te.s les \u00e9tudiant.e.s et d&rsquo;une \u00e9picerie solidaire accessible sur crit\u00e8res sociaux. Ces lieux de rencontre sont g\u00e9r\u00e9s par et pour des \u00e9tudiant.e.s afin d\u2019\u0153uvrer pour l&rsquo;\u00e9galit\u00e9 des chances d&rsquo;acc\u00e8s et de r\u00e9ussite dans l&rsquo;enseignement sup\u00e9rieur.<\/p>\n<\/div><\/div>\n\n\n\n<div class=\"wp-block-media-text has-media-on-the-right is-stacked-on-mobile justify\" style=\"margin-top:0;margin-right:0;margin-bottom:0;margin-left:0;padding-top:0;padding-right:0;padding-bottom:0;padding-left:0;grid-template-columns:auto 44%\"><div class=\"wp-block-media-text__content\">\n<h5 class=\"wp-block-heading\">Comment le projet a-t-il \u00e9t\u00e9 cr\u00e9\u00e9 ?<\/h5>\n\n\n\n<p>Face \u00e0 la pr\u00e9carit\u00e9 qui continue \u00e0 \u00eatre un probl\u00e8me majeur pour les \u00e9tudiant.e.s (19,1% des \u00e9tudiant.e.s vivent sous le seuil de pauvret\u00e9 en 2015 selon Igas), la FAGE (F\u00e9d\u00e9ration des Associations G\u00e9n\u00e9rales \u00c9tudiantes) a mis en place en 2011 le projet des AGORA\u00e9. <\/p>\n\n\n\n<p>Les AGORA\u00e9 ont pour but d&rsquo;accompagner les \u00e9tudiant.e.s dans l&rsquo;acc\u00e8s \u00e0 une alimentation saine, diversifi\u00e9e et durable, de les soutenir et de recr\u00e9er un lien pour ceux en situation d&rsquo;isolement social et en situation de pr\u00e9carit\u00e9.<\/p>\n\n\n\n<h5 class=\"wp-block-heading\">Gestion nationale et locale<\/h5>\n\n\n\n<p class=\"has-text-align-center justify\">Les AGORA\u00e9 sont dirig\u00e9es au niveau national par la FAGE. Elle leur permet d&rsquo;assurer le d\u00e9veloppement de leur projet, sa p\u00e9rennit\u00e9 et d&rsquo;aider les \u00e9quipes locales lorsqu&rsquo;elles rencontrent de potentiels probl\u00e8mes.<\/p>\n\n\n\n<p class=\"has-text-align-center justify\">Les AGORA\u00e9 sont pilot\u00e9es localement par une \u00e9quipe de b\u00e9n\u00e9voles. Ce sont g\u00e9n\u00e9ralement des \u00e9tuidant.e.s de l&rsquo;universit\u00e9 \u00e0 laquelle est reli\u00e9e l&rsquo;AGORA\u00e9. Les b\u00e9n\u00e9voles peuvent aussi \u00eatre \u00e9paul\u00e9s par des jeunes volontaires en service civique.<\/p>\n<\/div><figure class=\"wp-block-media-text__media\"><img decoding=\"async\" loading=\"lazy\" width=\"513\" height=\"300\" src=\"https:\/\/agorae-paris-saclay.fr\/wp-content\/uploads\/2023\/07\/595px-Logo_FAGE.svg-513x300-1.png\" alt=\"\" class=\"wp-image-339 size-full\" srcset=\"https:\/\/agorae-paris-saclay.fr\/wp-content\/uploads\/2023\/07\/595px-Logo_FAGE.svg-513x300-1.png 513w, https:\/\/agorae-paris-saclay.fr\/wp-content\/uploads\/2023\/07\/595px-Logo_FAGE.svg-513x300-1-300x175.png 300w\" sizes=\"(max-width: 513px) 100vw, 513px\" \/><\/figure><\/div>\n\n\n\n<div class=\"wp-block-media-text is-stacked-on-mobile justify\" style=\"grid-template-columns:24% auto\"><figure class=\"wp-block-media-text__media\"><img decoding=\"async\" loading=\"lazy\" width=\"2482\" height=\"3509\" src=\"https:\/\/agorae-paris-saclay.fr\/wp-content\/uploads\/2023\/07\/AGORAe\u0301-Paris-Saclay-Logo-pour-fond-blanc2.png\" alt=\"\" class=\"wp-image-9 size-full\"\/><\/figure><div class=\"wp-block-media-text__content\">\n<h5 class=\"wp-block-heading justify\">L&rsquo;AGORA\u00e9 Paris-Saclay<\/h5>\n\n\n\n<p>L&rsquo;AGORA\u00e9 Paris-Saclay est situ\u00e9e au b\u00e2timent 237 du campus universitaire d&rsquo;Orsay (91400 Orsay). Elle a pour but d&rsquo;aider les \u00e9tudiant.e.s de l&rsquo;Universit\u00e9 Paris-Saclay dans leur alimentation et leur vie sociale. <\/p>\n\n\n\n<p>Durant toute l&rsquo;ann\u00e9e, les b\u00e9n\u00e9voles de l&rsquo;AGORA\u00e9 Paris-Saclay organisent des ateliers gratuits : atelier cuisine avec les produits de l&rsquo;\u00e9picerie, atelier couture, atelier fresque du climat&#8230;<\/p>\n\n\n\n<p>Gr\u00e2ce \u00e0 ses partenaires l&rsquo;AGOAR\u00e9 Paris-Saclay propose \u00e0 ses b\u00e9n\u00e9ficiaires diff\u00e9rentes activit\u00e9s sociales et aides alimentaires. Les b\u00e9n\u00e9ficiaires ont pu notamment recevoir des places de cin\u00e9ma gratuites au cin\u00e9ma Jacques Tati, ils ont aussi pu recevoir des paniers repas faits maison par des b\u00e9n\u00e9voles de l&rsquo;AGORA\u00e9.<\/p>\n<\/div><\/div>\n","protected":false},"excerpt":{"rendered":"<p>Les AGORA\u00e9 sont des espaces d&rsquo;\u00e9changes et de solidarit\u00e9 compos\u00e9s d&rsquo;un lieu de vie ouvert \u00e0 tou.te.s les \u00e9tudiant.e.s et d&rsquo;une \u00e9picerie solidaire accessible sur crit\u00e8res sociaux. Ces lieux de rencontre sont g\u00e9r\u00e9s par et pour des \u00e9tudiant.e.s afin d\u2019\u0153uvrer pour l&rsquo;\u00e9galit\u00e9 des chances d&rsquo;acc\u00e8s et de r\u00e9ussite dans l&rsquo;enseignement sup\u00e9rieur. Comment le projet a-t-il [&hellip;]<\/p>\n","protected":false},"author":1,"featured_media":0,"parent":0,"menu_order":0,"comment_status":"closed","ping_status":"closed","template":"","meta":[],"_links":{"self":[{"href":"https:\/\/agorae-paris-saclay.fr\/index.php\/wp-json\/wp\/v2\/pages\/28"}],"collection":[{"href":"https:\/\/agorae-paris-saclay.fr\/index.php\/wp-json\/wp\/v2\/pages"}],"about":[{"href":"https:\/\/agorae-paris-saclay.fr\/index.php\/wp-json\/wp\/v2\/types\/page"}],"author":[{"embeddable":true,"href":"https:\/\/agorae-paris-saclay.fr\/index.php\/wp-json\/wp\/v2\/users\/1"}],"replies":[{"embeddable":true,"href":"https:\/\/agorae-paris-saclay.fr\/index.php\/wp-json\/wp\/v2\/comments?post=28"}],"version-history":[{"count":12,"href":"https:\/\/agorae-paris-saclay.fr\/index.php\/wp-json\/wp\/v2\/pages\/28\/revisions"}],"predecessor-version":[{"id":396,"href":"https:\/\/agorae-paris-saclay.fr\/index.php\/wp-json\/wp\/v2\/pages\/28\/revisions\/396"}],"wp:attachment":[{"href":"https:\/\/agorae-paris-saclay.fr\/index.php\/wp-json\/wp\/v2\/media?parent=28"}],"curies":[{"name":"wp","href":"https:\/\/api.w.org\/{rel}","templated":true}]}}